n thousands digit of 33701?
3
What is the thousands digit of 353549?
3
What is the millions digit of 2233053?
2
What is the hundreds digit of 3906970?
9
What is the ten millions digit of 13143754?
1
What is the units digit of 162287?
7
What is the ten millions digit of 30861243?
3
What is the millions digit of 5529545?
5
What is the units digit of 1692867?
7
What is the thousands digit of 330835?
0
What is the hundred thousands digit of 601476?
6
What is the units digit of 14252?
2
What is the thousands digit of 362184?
2
What is the tens digit of 140363?
6
What is the tens digit of 656052?
5
What is the ten millions digit of 18648370?
1
What is the thousands digit of 266597?
6
What is the units digit of 16560740?
0
What is the units digit of 10602310?
0
What is the thousands digit of 3825362?
5
What is the hundreds digit of 638368?
3
What is the hundred thousands digit of 557864?
5
What is the ten thousands digit of 418038?
1
What is the tens digit of 154132?
3
What is the tens digit of 15820720?
2
What is the hundred thousands digit of 233772?
2
What is the hundreds digit of 336459?
4
What is the ten thousands digit of 90373?
9
What is the hundred thousands digit of 437536?
4
What is the hundreds digit of 223028?
0
What is the units digit of 11798886?
6
What is the ten thousands digit of 136445?
3
What is the thousands digit of 96649?
6
What is the hundred thousands digit of 10136562?
1
What is the tens digit of 885577?
7
What is the thousands digit of 993573?
3
What is the millions digit of 14855594?
4
What is the hundreds digit of 8272927?
9
What is the hundred thousands digit of 16294895?
2
What is the thousands digit of 974837?
4
What is the tens digit of 8280756?
5
What is the millions digit of 1851395?
1
What is the hundred thousands digit of 799589?
7
What is the hundred thousands digit of 681335?
6
What is the thousands digit of 8259987?
9
What is the units digit of 269623?
3
What is the ten thousands digit of 368954?
6
What is the units digit of 4255066?
6
What is the hundreds digit of 891508?
5
What is the millions digit of 6013615?
6
What is the thousands digit of 1756145?
6
What is the hundreds digit of 1150680?
6
What is the tens digit of 81524?
2
What is the hundred thousands digit of 23543784?
5
What is the hundreds digit of 15316132?
1
What is the hundreds digit of 6153303?
3
What is the thousands digit of 1426727?
6
What is the hundred thousands digit of 1672765?
6
What is the hundred thousands digit of 45356644?
3
What is the ten thousands digit of 7033809?
3
What is the tens digit of 773064?
6
What is the units digit of 15593805?
5
What is the ten thousands digit of 18662646?
6
What is the thousands digit of 655160?
5
What is the thousands digit of 4093285?
3
What is the millions digit of 6874557?
6
What is the tens digit of 583885?
8
What is the thousands digit of 13574975?
4
What is the thousands digit of 2785987?
5
What is the hundreds digit of 10100121?
1
What is the tens digit of 5798?
9
What is the ten thousands digit of 185643?
8
What is the hundred thousands digit of 336658?
3
What is the thousands digit of 2683689?
3
What is the tens digit of 297128?
2
What is the hundred thousands digit of 7591556?
5
What is the thousands digit of 610872?
0
What is the ten thousands digit of 688731?
8
What is the hundreds digit of 24324404?
4
What is the hundred thousands digit of 1232753?
2
What is the thousands digit of 3146889?
6
What is the units digit of 3858404?
4
What is the millions digit of 5351256?
5
What is the hundred thousands digit of 17641466?
6
What is the units digit of 26589814?
4
What is the thousands digit of 9785561?
5
What is the thousands digit of 626687?
6
What is the hundred thousands digit of 1383857?
3
What is the units digit of 342035?
5
What is the thousands digit of 6697747?
7
What is the hundred thousands digit of 318328?
3
What is the ten thousands digit of 495627?
9
What is the hundreds digit of 750110?
1
What is the ten thousands digit of 1107539?
0
What is the hundreds digit of 2949551?
5
What is the thousands digit of 1201292?
1
What is the ten thousands digit of 397616?
9
What is the millions digit of 2730130?
2
What is the units digit of 564823?
3
What is the units digit of 56383?
3
What is the hundreds digit of 151596?
5
What is the tens digit of 4353798?
9
What is the tens digit of 2621321?
2
What is the millions digit of 6360369?
6
What is the hundred thousands digit of 956465?
9
What is the tens digit of 4089?
8
What is the ten thousands digit of 49466?
4
What is the thousands digit of 29069564?
9
What is the thousands digit of 821227?
1
What is the tens digit of 180011?
1
What is the units digit of 347551?
1
What is the thousands digit of 1147942?
7
What is the hundreds digit of 9295393?
3
What is the thousands digit of 81318?
1
What is the hundreds digit of 203158?
1
What is the thousands digit of 202645?
2
What is the ten millions digit of 24799334?
2
What is the thousands digit of 98011?
8
What is the units digit of 110554?
4
What is the units digit of 339912?
2
What is the ten thousands digit of 161062?
6
What is the hundreds digit of 434223?
2
What is the tens digit of 3893725?
2
What is the units digit of 12507991?
1
What is the tens digit of 8689783?
8
What is the ten thousands digit of 168393?
6
What is the hundred thousands digit of 24706946?
7
What is the thousands digit of 6087636?
7
What is the tens digit of 1266234?
3
What is the units digit of 5711136?
6
What is the hundred thousands digit of 181739?
1
What is the tens digit of 252241?
4
What is the tens digit of 125001?
0
What is the tens digit of 413109?
0
What is the thousands digit of 88245?
8
What is the ten thousands digit of 270743?
7
What is the thousands digit of 408230?
8
What is the hundreds digit of 8074240?
2
What is the hundreds digit of 343175?
1
What is the thousands digit of 1507851?
7
What is the hundreds digit of 403153?
1
What is the hundred thousands digit of 106473?
1
What is the units digit of 879015?
5
What is the thousands digit of 41374791?
4
What is the tens digit of 8145348?
4
What is the ten thousands digit of 144492?
4
What is the hundreds digit of 774930?
9
What is the ten thousands digit of 11985?
1
What is the thousands digit of 2934841?
4
What is the hundred thousands digit of 5946396?
9
What is the hundred thousands digit of 4461956?
4
What is the units digit of 808338?
8
What is the tens digit of 539184?
8
What is the tens digit of 27262?
6
What is the millions digit of 5682777?
5
What is the units digit of 1709800?
0
What is the hundred thousands digit of 123499?
1
What is the thousands digit of 388366?
8
What is the units digit of 41888?
8
What is the units digit of 7420?
0
What is the hundred thousands digit of 23541649?
5
What is the ten thousands digit of 18191?
1
What is the tens digit of 18880410?
1
What is the hundred thousands digit of 2675020?
6
What is the millions digit of 10637742?
0
What is the ten thousands digit of 1207636?
0
What is the hundreds digit of 284944?
9
What is the units digit of 742995?
5
What is the hundreds digit of 858993?
9
What is the units digit of 89318?
8
What is the ten thousands digit of 649801?
4
What is the units digit of 709475?
5
What is the thousands digit of 522884?
2
What is the units digit of 801650?
0
What is the hundred thousands digit of 2511570?
5
What is the ten thousands digit of 1772163?
7
What is the tens digit of 416621?
2
What is the hundred thousands digit of 1055837?
0
What is the units digit of 78229?
9
What is the tens digit of 3091323?
2
What is the hundreds digit of 5324262?
2
What is the hundreds digit of 461480?
4
What is the units digit of 610896?
6
What is the ten thousands digit of 3189292?
8
What is the hundred thousands digit of 2924923?
9
What is the hundred thousands digit of 356362?
3
What is the thousands digit of 1788730?
8
What is the ten thousands digit of 345646?
4
What is the millions digit of 2944289?
2
What is the units digit of 1505674?
4
What is the hundred thousands digit of 3771734?
7
What is the hundred thousands digit of 285778?
2
What is the tens digit of 290548?
4
What is the hundred thousands digit of 2538075?
5
What is the ten thousands digit of 20088?
2
What is the thousands digit of 1955439?
